vative of -f**5/10 - f**4/12 - f**3/3 - 13*f**2/2 - 7*f. What is the remainder when s(-4) is divided by 27?
26
Suppose -3*m - u + 18 = 0, 2*m = -5*u - 2 + 14. What is the remainder when 34 is divided by m?
4
Let b be (-34)/(-8) + (-2)/8. Let r be (3/2 + 0)*122. Suppose -b*x = -49 - r. What is the remainder when x is divided by 20?
18
Let l = 20 - 18. Let v be (4 - 4)/(-3) - l. What is the remainder when 47 + (-5 - -3) + v is divided by 15?
13
Let h be -4 + 4 + 0 + 0. Suppose 4*f - 3*u - 121 = h, 5*f + u + u - 180 = 0. What is the remainder when 99 is divided by f?
31
Let k be (-3 + (-21)/(-6))*30. Suppose u + 2*t - 20 = 3*u, -2*t = -u - k. Let o = u + 13. Calculate the remainder when 23 is divided by o.
7
Let r(o) = -2*o + 9. Suppose -5*n = 5*a - 3*n - 52, n - 41 = -4*a. Suppose -25 = 5*i + a. What is the remainder when 43 is divided by r(i)?
20
Let h be 0 - -6*(-208)/(-12). Suppose 484 = 4*k - 5*q, -5*k + 4*k = 3*q - h. Calculate the remainder when k is divided by 12.
8
Let r = -7 + 19. Suppose 0 = -4*v, -18 - 87 = -5*h + 2*v. Calculate the remainder when h is divided by r.
9
Suppose 4*w + 2*w - 54 = 0. Let h(y) = 3*y - 3. Let q = -4 - -6. Calculate the remainder when w is divided by h(q).
0
Let y(i) = 10*i + 393. Calculate the remainder when 791 is divided by y(-38).
11
Suppose 9*f = -517 + 1300. What is the remainder when f is divided by 45?
42
Suppose 4*b + 5*s - 515 = 0, 129 = b - 3*s + 13. What is the remainder when b is divided by 42?
41
Let p = 6 - -2. Let v(c) = 3*c + 17. What is the remainder when v(p) is divided by 21?
20
Let p(s) = s**3 - 3 - 125*s + 131*s - 6*s**2 - 2*s**3. Calculate the remainder when 30 is divided by p(-7).
2
Suppose 7 = -d - h, -h + 5 = -0*h. Calculate the remainder when 35 is divided by ((-16)/d)/((-4)/(-30)).
5
Let h(j) = -4*j - 20. Let t be h(-6). Suppose -2 = -2*d + t. Suppose -2*p + d*p - 37 = 0. Calculate the remainder when p is divided by 13.
11
Let f = -44 - -39. Let b = f - -6. What is the remainder when 1 is divided by b?
0
Let d = 25 - 12. Suppose -b + 2 = 3*j + 11, 12 = -b - 4*j. Suppose -2*k + 54 + 18 = b. What is the remainder when k is divided by d?
10
Let j(t) = 10*t - 34. What is the remainder when j(4) is divided by 5?
1
Suppose 132 = 23*z - 17*z. What is the remainder when 35 is divided by z?
13
Let p(l) = -l**3 - 29*l**2 + 29*l + 1. Calculate the remainder when 134 is divided by p(-30).
10
Suppose -3*q = p + 23, -3*q = -2*q + p + 5. Let c be (-3 - -9)*(-15)/q. Suppose 34 = 2*j + c. Calculate the remainder when 35 is divided by j.
11
Let v = 18 - 13. Let t = 121 + -89. Calculate the remainder when t is divided by v.
2
Suppose 3*u - 2*u = 0. Suppose b = -u*b - 2*a - 46, -b = a + 50. Let j = -34 - b. What is the remainder when j is divided by 11?
9
Let l(n) = -n**3 + 15*n**2 - 7*n - 18. What is the remainder when 181 is divided by l(14)?
21
Suppose -2*g = s - 30, 4*g + 4 = -0*g. What is the remainder when 93 is divided by s?
29
Suppose 40 = o + 2*m, 8*o - 34 = 7*o + m. Calculate the remainder when 70 is divided by o.
34
Suppose 5*l = l + 5*o - 4, -2*o = -5*l + 12. Suppose l*g = -0*h + 5*h + 36, 0 = 2*g + 4*h + 8. Calculate the remainder when g is divided by 2.
0
Let t(n) = 112*n**2 + 5*n - 2. Suppose -60*j + 58*j = -60. What is the remainder when t(1) is divided by j?
25
Let v(n) = 7*n**2 - 3*n + 1. What is the remainder when (-18)/3 + 188 + -1 is divided by v(2)?
20
Let b = 10 + -64. Let o = b + 74. What is the remainder when 76 is divided by o?
16
Suppose -4*a = 5*f + 20, 5*a + 16 = -5*f - 9. Suppose f = -0*m - m + 15. What is the remainder when m is divided by (-2)/(-4) - 18/(-4)?
0
Suppose -5*u + 11 + 4 = 0. Let i be 2/u*138/(-4). Let h = -20 - i. Calculate the remainder when 11 is divided by h.
2
Suppose 66 + 3 = 2*b + 5*x, -4*x = -2*b + 114. Calculate the remainder when b is divided by 26.
21
Suppose 130 = -3*l + 940. Suppose 4*v - v - l = 0. Calculate the remainder when v is divided by 27.
9
Let t(q) = q**3 + 11*q**2 + 12*q + 12. Calculate the remainder when t(-8) is divided by 61.
47
Let k(c) = -8 + 56 - 6 - c**2 - 17*c. Calculate the remainder when k(-19) is divided by 2.
0
Let q(a) = -a**2 - 9*a - 9. Let t be q(-4). Let k(v) = -v + 35. Calculate the remainder when 94 is divided by k(t).
22
What is the remainder when 32/(-112) + 1996/28 is divided by 41?
30
Let f(q) = 2*q**2 + 4*q + 2. Suppose 2*r - 17 = 3*c, -3*r = -2*c - 7 - 6. Calculate the remainder when f(-2) is divided by r.
0
Let i(d) = d**2 + 2*d - 7. Let f be i(3). Calculate the remainder when (8*4)/(4/f) is divided by 33.
31
Let k = -116 - -203. What is the remainder when k is divided by (-78 - -80)*1/(-20) - (-442)/20?
21
Let n(c) = c**3 + 5*c**2 + 5*c + 2. Let g be n(-3). Suppose -g*l + 125 = -40. What is the remainder when l is divided by 12?
9
Let r be -1 + ((-10)/3 + 3)*3. Calculate the remainder when 40 is divided by 13 + 3 - 6/(5 + r).
12
Suppose 4*g + 0*g - 936 = 0. Suppose s - g = -2*s. What is the remainder when s is divided by 16?
14
Let s(a) = -a**2 + 25*a - 4. Calculate the remainder when 172 is divided by s(24).
12
Suppose 60*f - 57*f - 34 = -5*d, 3*d = -f + 18. What is the remainder when 331 is divided by d?
1
Suppose -11 = a - 13. Suppose 0 = -a*f + 23 + 27. What is the remainder when f is divided by 14?
11
Suppose 4*v + 17 = o, -2*o - 2*v + 34 = 2*v. Calculate the remainder when (2/(-6))/((-912)/2079 + (-36)/(-84)) is divided by o.
16
Let a = 28 + -16. Let f(n) = 11 + 0*n - 4*n - n + n. What is the remainder when f(-12) is divided by a?
11
Suppose 4*v - 30 - 362 = 0. What is the remainder when v is divided by 27?
17
Suppose 93 = 9*c - 6*c. Let n = -25 + c. Suppose 0*h + n*h - 96 = 0. Calculate the remainder when 60 is divided by h.
12
Suppose 7*y = 134 + 97. Suppose 4 = 2*o - 14. What is the remainder when y is divided by o?
6
Calculate the remainder when (-3512)/(-16) - 6/4 is divided by 14.
8
Let w(x) = 8*x**2 + 4 - 5*x - 9*x**2 - 4*x - 1. Calculate the remainder when w(-5) is divided by 18/8*8/3.
5
Let y = 555 + 103. What is the remainder when y is divided by 32?
18
Let f be (21 + -22)*94/(-2). Suppose 0*d - 68 = -2*d. Let t = f - d. Calculate the remainder when t is divided by 8.
5
Let x = 194 + -72. Suppose -5*a + 3*b + 151 = 0, -5*a + a + 3*b = -x. What is the remainder when a is divided by 15?
14
Let i(p) = -p**2 - 9*p + 1. Let q = -1 - 7. Suppose 0 = -2*n + 7*n - 5*z - 65, 3 = z. What is the remainder when n is divided by i(q)?
7
Let g(y) = y + 1. Suppose 10*f = 12*f - 6. Suppose 41 = 3*q + 4*k, -f*k - 64 = -4*q + k. Calculate the remainder when q is divided by g(5).
3
Let x = -363 - -488. What is the remainder when x is divided by 32?
29
Suppose -5*c + 16 = -7*c. Let y(g) = g**3 + 9*g**2 + 7*g. Calculate the remainder when y(c) is divided by 5.
3
Let b(z) = -5*z**2 + 18*z - 6. Let h be b(6). Let a = -139 - h. Let w = 108 + a. What is the remainder when w is divided by 25?
22
Let z(n) = 13*n**2 - 4*n - 20. Calculate the remainder when z(-3) is divided by 11.
10
Let k = 21 + -35. What is the remainder when 10 is divided by (-91)/k + 1*1/(-2)?
4
What is the remainder when 119 is divided by 44 + -10 + 2*-3?
7
Let a(s) = 7*s**2 + 32*s + 177. What is the remainder when a(-6) is divided by 12?
9
Suppose -3*r - r = -4*k + 48, 3*r + 12 = 0. Suppose 2*c - 4*f = -0 + 12, -k = c + 5*f. Calculate the remainder when 12 is divided by c.
0
Let g = -17 - -98. Let h = -56 + g. Suppose -3*r + 28 = r. What is the remainder when h is divided by r?
4
Let r = -101 + 106. Suppose r*c = -5*c + 940. Suppose -3*s + 64 = -s. Calculate the remainder when c is divided by s.
30
Suppose 102*j = 95*j + 511. Calculate the remainder when j is divided by 39.
34
Let a = -52 + 162. Suppose -5*g + a = 2*f + f, 2*g - 2*f = 44. Calculate the remainder when g is divided by 6.
4
Suppose 16 = 9*r - 11. Suppose -55 = -5*h + 5*y, -r*y + 13 = -4*h + 53. Let v = -22 - -41. Calculate the remainder when v is divided by h.
5
Let o be (1/(-2))/((-1)/(-124)). Let x = o + 103. What is the remainder when x is divided by 14?
13
Suppose 2092 = -d + 2117. What is the remainder when d is divided by 22?
3
Let a(r) = r**2 - 5*r + 1. Let p be a(5). What is the remainder when (120/(-160))/(3/(-252)) is divided by ((-1)/(-2))/(p/22)?
8
Let d(s) = -s**2 - 21*